 is the greatest common divisor of 39 and q?
39
Let c be 750/21 + (-8)/(-28). Let x = 66 - c. What is the greatest common divisor of 510 and x?
30
Let f = -22 - -22. Suppose 10*c - 772 - 1028 = f. Calculate the highest common divisor of c and 20.
20
Suppose 5*y = -5*f + 630, 16*f + 3*y + 134 = 17*f. Suppose -4*k + f = 2*m, -13*m - 222 = -16*m + 4*k. What is the highest common divisor of m and 35?
35
Suppose 2*u - 19 = -5*s, u = s - 2*u - 14. Let f be 128/56 - 2/7. Suppose 3*a = s - f. What is the highest common factor of a and 8?
1
Let v = 9499 + -8931. Calculate the greatest common factor of 168 and v.
8
Let o(j) = j**2 - 3*j + 9. Let f be o(6). Let y = 20655 + -4671. Let w be (3/(-4))/((-148)/y). Calculate the greatest common divisor of f and w.
27
Let b = 3276 + -3206. Calculate the greatest common divisor of 154 and b.
14
Suppose 4*t - 6696 = -2*y + 7400, 5*t = -y + 17626. Calculate the greatest common divisor of t and 473.
43
Let c(g) = -g**2 + 56*g - 448. Let l be c(10). What is the greatest common divisor of 1644 and l?
12
Suppose 356*j - 90*j = 4522. Calculate the highest common factor of 26639 and j.
17
Let i be (-2 - 28)*(11 + -3). Let n be ((-156)/20)/(8/i). Calculate the greatest common factor of n and 26.
26
Suppose 0 = -j - 4*h + 22, -3*j + 34 = -0*h + 4*h. Suppose j*o - 5 - 7 = 0. What is the greatest common divisor of o and 2?
2
Let n = 27 + -5. Suppose -7*h - 5*b + 1764 = 0, -b - 575 - 621 = -5*h. Calculate the greatest common divisor of n and h.
22
Suppose 4*y + 2*x - 20 = 0, -2*y = y + x - 15. Suppose y*w - 3*n - 168 - 74 = 0, 176 = 4*w + 2*n. Calculate the highest common factor of w and 1058.
46
Suppose 0 = -78*v + 30*v + 36867 - 8883. Calculate the greatest common divisor of 374 and v.
11
Suppose -51*g + 830 = -6667. What is the greatest common factor of 637 and g?
49
Suppose -2*m = -6*m + 4, 12 = 3*q + 3*m. Suppose q*t + 169 = 16*t. Calculate the greatest common factor of 377 and t.
13
Let d(r) = -6*r + 27. Let j be -1 - 22/8 - (-3)/4. Let z be d(j). What is the greatest common divisor of 45 and z?
45
Suppose 35 + 120 = 5*f. Suppose f*y + 462 = 42*y. Calculate the highest common divisor of 714 and y.
42
Let l be ((-30)/20)/(6/4) + 4 - -1170. Calculate the greatest common factor of 6 and l.
3
Let q = -428 + 488. Let p = 21 - -119. What is the highest common factor of q and p?
20
Let s be 8/(840/195)*7. What is the greatest common divisor of s and 9451?
13
Let x(y) = 2*y**2 + 2*y - 1. Suppose -7*m = m - 16. Let w be x(m). Suppose -2697 = -w*s + 603. What is the greatest common factor of 50 and s?
50
Suppose 3*q + 0*q + 142160 = 5*s, 4*q + 113720 = 4*s. Calculate the greatest common factor of 55 and s.
55
Suppose 0 = 22*s - 315 - 15. What is the highest common divisor of 65 and s?
5
Let r(m) = 17*m**2 - 187*m + 1972. Let f be r(11). Calculate the highest common divisor of f and 2204.
116
Suppose -52*x + 84 - 14 = -450. Let f(y) = 15*y. Let q be f(12). Suppose 0 = -5*b + 3*a + a + q, 0 = -2*a + 10. What is the greatest common divisor of b and x?
10
Let b = -25696 + 26307. Calculate the highest common factor of b and 767.
13
Let k(n) = n**3 - 21*n**2 - 10*n - 59. Let x be k(22). Suppose i + 2*w = -w + x, -i + 170 = -4*w. Calculate the greatest common factor of 114 and i.
38
Suppose 20 = -4*j + 2*j. Suppose 0 = -5*a - 172 - 53. Let s be j/a - (-75)/27. What is the greatest common divisor of 6 and s?
3
Let c = -10 + 12. Suppose -4*m - c - 18 = 0. Let x be 3/(((-15)/32)/m). What is the highest common divisor of 16 and x?
16
Let u = 21 - 13. Suppose -40 = -8*g - 0*g. Suppose -2*v - 182 - 8 = -g*h, 0 = 4*h - v - 155. What is the highest common factor of h and u?
8
Let c be (-1 + 1/((-10)/25))*-30. What is the highest common factor of 30 and c?
15
Let a(b) = b**2 - b - 10. Let d be a(4). Suppose -f + d = -2*g, 3*f - 3*g - 25 = 7*f. Let z = f - -32. Calculate the highest common divisor of z and 224.
28
Let n(m) = -3 + 1537*m**2 - m**3 - 11*m - 764*m**2 - 770*m**2. Let p be n(-4). Let a = -11 - -28. Calculate the highest common divisor of a and p.
17
Let u = 113 + 247. Let a be 24/(-5)*-30*3/12. What is the highest common divisor of u and a?
36
Let x = -69 + 133. Suppose -232 = -2*m - x. Suppose -m = 11*u - 14*u. Calculate the highest common factor of 70 and u.
14
Let i(u) = 628*u**3 + 9*u**2 - 13*u + 3. Let r be i(1). Calculate the highest common factor of r and 11.
11
Suppose 0 = -14*t - 231*t + 51450. Calculate the highest common divisor of t and 5950.
70
Let k(l) = l**3 - 6*l**2 - 10*l + 9. Let z be k(7). Let f = z + 20. Suppose -f*u + 2*u = -270. What is the greatest common divisor of u and 60?
15
Suppose 8*i - i - 35 = 0. Suppose d = -3, -3*d + 2 = 4*w - i. Calculate the highest common factor of w and 116.
4
Let d be 87 - 1 - ((-34 - -36) + (-6 - 1)). Calculate the greatest common factor of 793 and d.
13
Suppose 15*y + 5*j + 22 = 18*y, -5*y - 4*j + 12 = 0. Suppose -2*t + 206 = b, 3*t = -0*t + y*b + 320. What is the highest common divisor of 26 and t?
26
Let b = 132 + -48. Let j = 48 + -51. Let v be 12 + ((-1)/(-6) - j/(-18)). Calculate the greatest common divisor of v and b.
12
Suppose -2*v - r - 88 = -6*r, 3*r = 2*v + 80. Let d = 146 + v. Calculate the greatest common factor of 14 and d.
14
Let h = 139 - 11. Let f be 10/6 + 1/3. Suppose -f*r = -46 - 18. What is the greatest common divisor of h and r?
32
Let l(j) = -j**3 + 5*j + 4. Let s be l(-2). Suppose -3*k + s*a + 398 = 0, 2*a = -5*k + 341 + 349. What is the greatest common factor of k and 16?
8
Let i = 71 - 52. Let f be (16/(-6))/(27/(-3078)). Calculate the highest common factor of f and i.
19
Let k(r) = r**2 + 26*r + 61. Let g be k(-29). Suppose 0 = -2*m, -g - 203 = -o + m. What is the highest common factor of o and 13?
13
Let d be 7 + (6 - (3 + 4)). Let c(n) = 2*n**2 - 2*n - 2. Let h be c(3). Let w be 10/(-50) - (-782)/h. Calculate the greatest common factor of d and w.
6
Let q = 164 + -362. Let g = 408 + q. Calculate the highest common divisor of 42 and g.
42
Let l = 4703 - 4700. Suppose -4*q = 75 + 57. Let a = 12 - q. What is the greatest common factor of a and l?
3
Let p = 149 - 141. Suppose 3*a = -x + 48, 4*a + 7*x - p*x - 64 = 0. Calculate the greatest common factor of a and 752.
16
Suppose -62813 - 102427 = -1080*a. Let i(k) = -k**3 - 2*k**2 + 3*k - 2. Let p be i(-4). Calculate the highest common factor of a and p.
9
Let q(z) = 155*z + 10089. Let f be q(-65). Let v(j) = -22*j. Let m be (7/1)/(-1 + 0). Let g be v(m). What is the highest common divisor of g and f?
14
Suppose -3*f - 4*l = f, 5*f = 5*l + 20. Suppose 3*k + 2*q - 404 = 0, 2*k - f*q = 215 + 41. Calculate the greatest common divisor of k and 11.
11
Let m be 84/(-24)*24/(-14) - -219. What is the greatest common factor of m and 650?
25
Let o(i) = -3*i**3 - 33*i**2 + 25*i + 77. Let k be o(-12). What is the greatest common factor of k and 171?
19
Suppose -56*m + 66*m = -259*m + 25824. What is the greatest common divisor of 2832 and m?
48
Suppose 7*j = 4 + 73. Suppose -4*f - 9 = -f, 3*w - 576 = -6*f. What is the highest common divisor of w and j?
11
Let d = -309 + 312. Suppose -s = -2*g - 51, -d*s + 80 = -3*g - 64. Calculate the highest common factor of s and 15.
15
Let o be (0 - -14 - (1 + 3))/2. Let b(t) = 15*t**2 - 17*t - 2. Let f be b(o). Calculate the highest common divisor of f and 32.
32
Let f(a) = -3*a**3 + 9*a**2 - 8. Let d be f(6). Let h = -2134 - -2655. Let p = d + h. What is the greatest common factor of p and 21?
21
Let o = 335 - 365. Let q = o - -45. Calculate the greatest common factor of 5 and q.
5
Let d = 683 - 667. Suppose 0 = -14*g + 352 - d. Let y(u) = -u**3 + 120. Let z be y(0). Calculate the greatest common divisor of g and z.
24
Let a be (15/9)/(4/(-288)*-3). Suppose 0 = -3*r - 5*h + 255, 0 = -5*h - 1 - 14. What is the greatest common divisor of a and r?
10
Suppose -755*a = -7511016 + 1338136. What is the highest common factor of a and 560?
112
Let l be (-4 - (-1 - 1))/(548/(-205226)). Calculate the highest common divisor of l and 1819.
107
Suppose 4*a - 1280 = -4*d - 420, -5*d = 2*a - 427. Calculate the greatest common divisor of 450 and a.
18
Let z be -37*(-400)/(-125)*-5. What is the highest common factor of 37 and z?
37
Suppose -2*t - 718 = -4*w, -4*t - 558 = -3*w - 22. Suppose -w